) be the second derivative of -g**3/6 - 7*g**2 - 2*g + 53. What is b(-5)?
-9
Suppose -v + 6 = -m + 2, 4*v - 8 = 0. Let f(k) be the second derivative of k**5/20 + 5*k**4/12 + k**3/3 - k**2 - 45*k - 3. What is f(m)?
6
Suppose 5*q + 5 = 5*p, -3*p - 1 = -2*q - 7. Let j(b) be the second derivative of -b**5/20 + 5*b**4/12 + b**3/2 - 3*b**2 + 20*b - 1. Determine j(p).
22
Let k(w) = 3*w + 12. Let z be (-12)/36 + (-29)/3. Determine k(z).
-18
Let r(f) be the third derivative of 0 + 0*f - 1/2*f**4 - 22*f**2 - 1/3*f**3. Calculate r(-2).
22
Let r(u) = 9*u**3 + 2*u**2 + u. Let k be r(-1). Let c(q) = -3*q**2 + 7*q + 22. Let a(d) = 5*d**2 - 10*d - 34. Let v(j) = k*c(j) - 5*a(j). Give v(-5).
-1
Let i(v) be the first derivative of -v**2 - 4*v + 72. Give i(-7).
10
Let b(p) = -5*p + 4*p - 2*p - 1 - 8. Suppose 178 = -25*t + 3. Give b(t).
12
Let i = 97 - 98. Let c(o) be the second derivative of -11*o**4/6 - o**3/6 + 6*o. What is c(i)?
-21
Let v(j) = -6*j + 1. Let y(i) = 11*i - 2. Let m(g) = v(g) + y(g). What is m(-2)?
-11
Let z = -983 + 985. Let d(b) be the second derivative of 1/12*b**4 + b**z - 8*b - 1/3*b**3 + 0. What is d(2)?
2
Let j(a) = a**3 - a**3 - 9*a**3 + 1 + 3*a**3. Let f = 3 + -4. Let d(t) = -t**3 - t**2 + 1. Let q be d(f). Determine j(q).
-5
Let o(z) = -4*z**2 + 3*z - 3. Let c(y) = 2*y**2 + y - 12. Let b be c(-3). Give o(b).
-30
Let i(x) = 2*x + 1. Let n(g) = 4*g - 2. Let s(d) = -d**3 - 5*d**2 - 6*d + 1. Let y be s(-3). Let r be -4 + 3 + 1 + y. Let u be n(r). Determine i(u).
5
Let b(r) be the first derivative of -r**2/2 + r + 12. Calculate b(1).
0
Let b(m) = -m**2 - 7*m - 1. Let q = -3 - -1. Let z(y) be the second derivative of y**5/20 + y**4/6 + y**3/3 - y**2 - 6*y. Let a be z(q). What is b(a)?
5
Let s(n) = 2*n**3 + 2*n**2 - 7*n + 6. Let v(r) = -r**3 - r**2 + 4*r - 3. Let u(w) = -3*s(w) - 5*v(w). Let q = -182 - -182. Calculate u(q).
-3
Let k be (-1 + (-75)/(-60))/(2/16). Let l(s) = -s + 6. What is l(k)?
4
Let p(f) be the second derivative of -f**4/12 + f**3/6 + f**2/2 - 2811*f. Let m = -3 + 4. Give p(m).
1
Let v(d) = 9*d - 8*d - 81*d**2 + 80*d**2 + 2 + 4*d**3. Calculate v(-2).
-36
Let g(t) = -2*t - 48. Let b be g(-27). Suppose 2*j = 5 + 1. Let l(d) = -j + 2*d + 3 - 1 - 3*d. Give l(b).
-7
Let z(k) = 3*k + 12. Let j = -158 + 146. Let s be (1 - 1/3)*j. Give z(s).
-12
Suppose 22 = -5*p + 32. Let v(x) = -x**2 + 0 + 5*x - 1 - p. What is v(3)?
3
Let z(h) = -h**2 + 16*h - 36. Suppose -174*l = -166*l - 104. Calculate z(l).
3
Let p = 15 - 4. Let h(n) = 3*n + p*n + n**2 - 21*n + 13*n + 3. Let d = -4 + 0. What is h(d)?
-5
Suppose 0 = -3*i - i + 8. Let l be (-1 + -2)*(-1 + 0). Let v(r) = -4*r + 3*r + 7 - l. Determine v(i).
2
Let a(u) = -u**3 - 3*u**2 - 6*u - 6. Suppose 40*o + 118 + 2 = 0. Calculate a(o).
12
Let a be 565/(-25) - 4/10. Let v = a + 25. Let h(q) = -q**3 + q**2 - 2*q - 1. Calculate h(v).
-9
Let h = -7 + 7. Suppose p + 5*x + 4 = h, -2*p + 5*p - x = 20. Let n(c) = -c**3 + 6*c**2 - c + 6. Let w be n(p). Let u(r) = -r**3 + 7. Give u(w).
7
Let t be (0/(-2))/(3 + 0). Let o = -2 - t. Let x(y) = -y**3 - y**2. Give x(o).
4
Let a(i) be the second derivative of -i**4/12 + 5*i**3/6 - 3*i**2/2 + 80*i. Give a(6).
-9
Let t(j) = 4*j - 6*j**2 - 4 + 9 + 11*j**2 - j**3 - 7 - 9*j**2. Determine t(-5).
3
Let r(b) = -46*b - 51*b - 3 + 4 + 29*b**3 + 95*b + 2*b**2. Calculate r(1).
30
Let t(o) = -2*o**2 + 6*o + 12. Suppose -58 = x + 28*x. Calculate t(x).
-8
Let m(g) = 18*g + 209. Let o be m(-12). Let s(n) = -n**2 - 5*n + 7. Determine s(o).
-7
Let l = -37 - -39. Let i(p) = -15 - p + 11 + 5 - p**3 - 5*p**l - 2*p. Give i(-5).
16
Let q(w) = -w**3 + w**2 + 4*w - 2. Suppose 5*j + 8 = -3*b + 1, -2*b - 13 = -5*j. Suppose -j = -y, 4*y + 11 = 3*s + 6. Give q(s).
-8
Let y(c) = 3*c + 6. Let s(n) = -n - 2. Let t(x) = 2*s(x) + y(x). Suppose 3*q + 2*q + 5*h = -20, -5*h = -4*q - 25. Give t(q).
-3
Suppose 9*p + 3 - 84 = 0. Let o(v) = -v + 5. Give o(p).
-4
Let j(n) = n - 5. Let f be j(7). Let a(k) = -3*k**3 - k**f + 4*k**3 - 13 - 2*k**3 + 0*k**3 - k. Let l(b) = -b - 21. Let c be l(-21). What is a(c)?
-13
Let s(p) = -p**2 + 4*p - 1. Let v be s(5). Let f(j) = -j**2 - 13*j + 20. Let u be f(-14). Let b(h) = u + 13*h - 12*h + 2*h. Give b(v).
-12
Let b(j) be the third derivative of j**4/12 - 127*j**2. Determine b(2).
4
Suppose -2*a + 5*x + 52 = 0, 5*a - 8*x + 3*x = 100. Let b(l) = 31*l - 1 - a*l - 19*l. What is b(-5)?
19
Let n(p) = 15*p - 489. Let l be n(33). Let c(m) = 4*m + 4 - 2*m - 6. Give c(l).
10
Let y(k) = 2*k + 5. Let h = 5 + 13. Let t be 1015/35 - 1/((-2)/(-12)). Let d = h - t. Give y(d).
-5
Let x(d) = -14*d - 2. Let j = 711 - 713. Give x(j).
26
Let v(z) = -3*z + 21. Let l(t) = -4*t + 30. Let m(a) = 5*l(a) - 7*v(a). Suppose 6*y + 24 = 2*y. Determine m(y).
-3
Let i = 140 + -230. Let x be i/(-20)*(-8)/(-6). Let r(k) = k. Calculate r(x).
6
Let g(x) be the second derivative of -1/3*x**3 + 0 - 1/20*x**5 - 1/3*x**4 - 2*x**2 - 16*x. Suppose a + 3 = -5*k - 12, 4*k + 2*a = -6. Give g(k).
4
Suppose 2*d = -12 - 4. Let y(h) = -2*h + 34. Let j(m) = m - 26. Let g(c) = -3*j(c) - 2*y(c). Give g(d).
2
Let l(d) = -d - 1. Let r be (-6)/9 - 318/(-18). Let x = r + -9. Suppose -5*g + 3*n - x = 0, -5*n + 10 = -5*g - 0. Calculate l(g).
0
Let v(d) = -d**2 - 2*d + 4. Let h be v(-3). Suppose -11 - h = -6*n. Let z(l) = -2*l**2 + l + 2. Calculate z(n).
-4
Let a be -4 + 2 - 2 - 2. Suppose 0 = -4*l + 6*l - 18. Let q(y) = 1 - y - l + 4. What is q(a)?
2
Let m(l) = -2*l + 4. Suppose 24*p - 4*v - 44 = 20*p, p - 4*v = 23. Give m(p).
-10
Let x(f) = -f**2 - 1. Suppose -3*g = 5*i - 26, 5*g + i + 4*i = 30. Let h be 96/52 + g/13. Suppose -5 = -z - h. Calculate x(z).
-10
Let u(w) = -44*w**2 + 5 + 117*w - 61*w - 60*w - 3 + 45*w**2. Let f(l) = l**3 + 3*l**2 - 2*l - 3. Let z be f(-3). Calculate u(z).
-1
Let j(g) be the third derivative of -g**4/12 - g**3/3 + 108*g**2. Let h(y) = y**2 + 7*y + 6. Let t be h(-6). Let x be -5 - (0 - 0 - t). What is j(x)?
8
Let y(z) be the third derivative of 7/6*z**3 + 0*z + 21*z**2 + 0 + 1/60*z**5 - 1/3*z**4. What is y(6)?
-5
Let w(i) = 27*i - 645. Let h be w(24). Let v(z) = -3*z**2 + 3*z + 3. Calculate v(h).
-15
Let v(o) = -6 - 2790*o + 1392*o + 1397*o. Calculate v(-9).
3
Let c(u) = 10*u**2 - u**3 - 3*u**2 - 3*u**2 + 4. Suppose 6 = -5*d - 2*p, 4*p = -3*d + 3*p - 3. Suppose -4*w - 8 + 32 = -4*l, -l - 3 = d. Give c(w).
13
Suppose 23*p = 41*p - 198. Let m(w) be the second derivative of w**2 + 0 + 0*w**3 + 1/12*w**4 + p*w. Calculate m(0).
2
Let f(u) = -u + 12. Let h = -73 + 121. Let c = -38 + h. Determine f(c).
2
Let s(h) = -h - 20 - 18 - 27 + 83. What is s(0)?
18
Let i(f) be the first derivative of -f**5/40 + f**4/24 + 37*f**3/3 + 21. Let n(p) be the third derivative of i(p). Give n(2).
-5
Let p be (0 - 0)*(-3)/(-6). Let d = -1 - p. Let l(k) = k**2 - k - 3. Let s(y) = -4*y**2 + 2*y + 7. Let x(n) = 5*l(n) + 2*s(n). Give x(d).
-3
Let m(l) = -l**2 - 1. Let r = -65 - -63. Suppose i + 7 = -3. Let j be ((-5)/i)/(1/r). Determine m(j).
-2
Let u = -5236 + 5235. Let m(y) be the third derivative of 7*y**4/24 + y**3/6 + y**2. Give m(u).
-6
Let f be (2 - 6)*(-14)/(-8). Let n(r) be the first derivative of 6*r + 4*r**2 - 1/4*r**4 - 32 - 2*r**3. Calculate n(f).
-1
Let z(y) be the third derivative of -y**6/120 - y**5/12 + 7*y**4/24 + 89*y**2. Give z(-6).
-6
Let c(z) be the first derivative of -2*z**3/3 + z**2 - 2*z - 1. Let x = -6460 - -6462. Give c(x).
-6
Let c(i) = 3*i**2 - 3*i - 4. Let x(o) = -8*o**2 + 6*o + 9. Let m(d) = -5*c(d) - 2*x(d). Calculate m(-7).
30
Let z(g) be the second derivative of -2*g + 0*g**2 + 0 - 1/6*g**3. Let b = 5446 - 5444. What is z(b)?
-2
Let s(n) = -20*n + 154. Let u(q) = -13*q + 99. Let k(y) = 9*s(y) - 14*u(y). Suppose -w + 4*w = 9. Calculate k(w).
6
Let a(u) be the first derivative of 0*u + 1/3*u**3 + 2 + 1/8*u**4 - 7/2*u**2. Let p(c) be the second derivative of a(c). Determine p(-5).
-13
Let x be (-1)/(-2) + (-5)/(-10). Let m(y) = -y + 1. Let h(l) = -5*l + 8. Let g(b) = x*h(b) - 2*m(b). Let u(f) = 5*f + 130. Let s be u(-25). Determine g(s).
-9
Let c(i) = -i**3 + 4*i**2 + 10*i - 9. Let r be c(5). Let v(h) = h**2 - 14*h - 36. Determine v(r).
-4
Suppose 16 = -s - 3*f, -4*f - 22 = s + s. Let w(y) = -5*y - 4. Let r(z) = 1. Let p(b) = s*w(b) - 3*r(b). Determine p(1).
6
Let f(t) be the second der